, 79, 479, 7741
List the prime factors of 1097627669.
283, 3878543
List the prime factors of 20905167.
3, 419, 16631
List the prime factors of 955224533.
29, 32938777
List the prime factors of 213123583.
67, 89, 103, 347
List the prime factors of 1137755983.
7, 13, 12502813
What are the prime factors of 65338734?
2, 3, 541, 20129
What are the prime factors of 1590862715?
5, 13, 29, 199, 4241
List the prime factors of 2542474417.
7, 19, 2730907
What are the prime factors of 223005239?
223005239
What are the prime factors of 8040761?
373, 21557
List the prime factors of 1139589660.
2, 3, 5, 11, 1726651
What are the prime factors of 47831752?
2, 241, 24809
List the prime factors of 232819225.
5, 23, 157, 2579
What are the prime factors of 52597555?
5, 61, 331, 521
What are the prime factors of 4892806177?
7, 698972311
What are the prime factors of 129307687?
8263, 15649
What are the prime factors of 85387051?
31, 41, 67181
List the prime factors of 390758946.
2, 3, 41, 1588451
List the prime factors of 9698990.
2, 5, 7, 127, 1091
What are the prime factors of 1765955964?
2, 3, 4639, 31723
What are the prime factors of 51615821?
61, 846161
What are the prime factors of 1970556017?
61, 529577
What are the prime factors of 542097027?
3, 37, 1627919
What are the prime factors of 75517509?
3, 67, 375709
List the prime factors of 4915109410.
2, 5, 43, 11430487
List the prime factors of 22935064.
2, 2866883
What are the prime factors of 279542928?
2, 3, 7, 211, 3943
List the prime factors of 380820522.
2, 3, 23, 1321, 2089
What are the prime factors of 734372607?
3, 41, 5970509
List the prime factors of 31649153.
113, 379, 739
What are the prime factors of 236515314?
2, 3, 7, 5631317
What are the prime factors of 111055096?
2, 811, 17117
What are the prime factors of 58272468?
2, 3, 19, 131, 1951
What are the prime factors of 153989282?
2, 4177, 18433
What are the prime factors of 689451583?
89, 991, 7817
What are the prime factors of 46159897?
7, 6594271
What are the prime factors of 3237021254?
2, 3221, 502487
List the prime factors of 2190119744.
2, 31, 409, 2699
What are the prime factors of 32944278?
2, 3, 43, 127691
What are the prime factors of 89562906?
2, 3, 31, 160507
List the prime factors of 125326030.
2, 5, 37, 59, 5741
List the prime factors of 3463821038.
2, 1731910519
List the prime factors of 42750780.
2, 3, 5, 107, 6659
What are the prime factors of 27238980?
2, 3, 5, 453983
What are the prime factors of 825546172?
2, 11, 59, 318007
List the prime factors of 102538192.
2, 6408637
What are the prime factors of 3901123410?
2, 3, 5, 9001, 14447
What are the prime factors of 98236?
2, 41, 599
List the prime factors of 423495265.
5, 29, 73, 40009
List the prime factors of 1276275041.
89, 467, 30707
List the prime factors of 122279331.
3, 199, 239, 857
What are the prime factors of 924131358?
2, 3, 51340631
List the prime factors of 4566165.
3, 5, 304411
What are the prime factors of 1388028106?
2, 8963, 77431
List the prime factors of 56230415.
5, 97, 269, 431
List the prime factors of 209154705.
3, 5, 59, 236333
List the prime factors of 110008825.
5, 4400353
What are the prime factors of 3760137826?
2, 17, 263, 420503
List the prime factors of 1457819553.
3, 83, 5854697
What are the prime factors of 917005792?
2, 31, 924401
List the prime factors of 38669253.
3, 7, 281, 6553
List the prime factors of 1410563256.
2, 3, 1567, 37507
What are the prime factors of 163496789?
811, 201599
What are the prime factors of 490254129?
3, 54472681
What are the prime factors of 115359515?
5, 23071903
List the prime factors of 29053594.
2, 661, 21977
List the prime factors of 308964722.
2, 11, 14043851
What are the prime factors of 1283083813?
11, 19, 71, 86467
What are the prime factors of 26256125?
5, 7, 37, 811
What are the prime factors of 1901663796?
2, 3, 83, 673, 2837
List the prime factors of 114183822.
2, 3, 23, 109, 7591
What are the prime factors of 395427376?
2, 61, 379, 1069
What are the prime factors of 54825887?
19, 31, 93083
What are the prime factors of 3307225?
5, 263, 503
What are the prime factors of 221500998?
2, 3, 43, 419, 683
What are the prime factors of 2034061249?
11, 31, 317, 607
List the prime factors of 1157031292.
2, 37, 2693, 2903
List the prime factors of 349375709.
4337, 80557
What are the prime factors of 2308820471?
29, 809, 98411
List the prime factors of 1483752676.
2, 7, 52991167
What are the prime factors of 463051636?
2, 1093, 105913
List the prime factors of 301758052.
2, 2281, 33073
List the prime factors of 489220771.
13, 37, 307, 3313
List the prime factors of 3393042172.
2, 13, 17, 3838283
What are the prime factors of 169220716?
2, 7, 73, 11827
What are the prime factors of 16542461?
13, 643, 1979
What are the prime factors of 224454405?
3, 5, 7, 79, 27059
What are the prime factors of 52356953?
11, 4759723
What are the prime factors of 105040206?
2, 3, 47, 41387
What are the prime factors of 53383134?
2, 3, 7, 1271027
What are the prime factors of 17374947?
3, 5791649
What are the prime factors of 1098365630?
2, 5, 109836563
What are the prime factors of 147289697?
307, 479771
What are the prime factors of 317359881?
3, 61, 487, 1187
List the prime factors of 12444287.
1049, 11863
List the prime factors of 5604101557.
283, 1427, 13877
What are the prime factors of 603112273?
5153, 117041
List the prime factors of 3505516946.
2, 1752758473
What are the prime factors of 50982063?
3, 11, 709, 2179
What are the prime factors of 701694172?
2, 41, 421, 10163
List the prime factors of 188060368.
2, 11753773
What are the prime factors of 192360941?
192360941
List the prime factors of 225301689.
3, 8344507
What are the prime factors of 6347949?
3, 2115983
What are the prime factors of 56300356?
2, 7, 2010727
List the prime factors of 52342069.
13, 4026313
What are the prime factors of 508203228?
2, 3, 13, 3257713
What are the prime factors of 49124105?
5, 9824821
List the prime factors of 887937312.
2, 3, 29, 197, 1619
List the prime factors of 38738688.
2, 3, 50441
List the prime factors of 749944492.
2, 11, 61, 279413
List the prime factors of 4360013647.
11, 17, 2917, 7993
List the prime factors of 24028244.
2, 37, 179, 907
What are the prime factors of 401746523?
151, 2660573
What are the prime factors of 203088172?
2, 7, 313, 23173
List the prime factors of 319750123.
7, 11, 34319
List the prime factors of 46448628.
2, 3, 3870719
List the prime factors of 469674726.
2, 3, 78279121
What are the prime factors of 559008967?
11, 53, 958849
List the prime factors of 523573877.
83, 2467, 2557
What are the prime factors of 448417508?
2, 7, 11, 1455901
List the prime factors of 560982506.
2, 7, 47, 852557
List the prime factors of 1139533031.
7, 13, 71, 13567
What are the prime factors of 42934809?
3, 17, 841859
List the prime factors of 819621065.
5, 43, 3812191
What are the prime factors of 2389564881?
3, 11, 29, 92479
List the prime factors of 163217130.
2, 3, 5, 5440571
List the prime factors of 67078336.
2, 13, 37, 2179
What are the prime factors of 931815677?
13, 2017, 35537
List the prime factors of 11703694.
2, 67, 167, 523
List the prime factors of 878146828.
2, 13, 16887439
What are the prime factors of 138468195?
3, 5, 3077071
What are the prime factors of 2373584660?
2, 5, 118679233
List the prime factors of 44101390.
2, 5, 4410139
What are the prime factors of 1661342886?
2, 3, 7, 31, 59, 89
List the prime factors of 45759105.
3, 5, 7, 145267
What are the prime factors of 1152189077?
13, 281, 315409
What are the prime factors of 232419315?
3, 5, 67, 281, 823
What are the prime factors of 204610304?
2, 799259
What are the prime factors of 167036886?
2, 3, 2837, 3271
What are the prime factors of 49001643?
3, 5444627
List the prime factors of 2099640502.
2, 1049820251
List the prime factors of 39602143.
7, 557, 1451
What are the prime factors of 3952251345?
3, 5, 7, 23, 1636543
List the prime factors of 89003084.
2, 22250771
List the prime factors of 199934562.
2, 3, 31, 1074917
What are the prime factors of 5481644647?
19, 61, 199, 23767
List the prime factors of 265326684.
2, 3, 7, 17, 29, 43, 149
List the prime factors of 6684644001.
3, 7, 17, 3257, 5749
What are the prime factors of 750883095?
3, 5,